{"id":5563,"date":"2024-12-07T06:28:11","date_gmt":"2024-12-07T06:28:11","guid":{"rendered":"https:\/\/themexriver.com\/wp\/pixify\/?page_id=5563"},"modified":"2025-04-26T00:33:13","modified_gmt":"2025-04-25T21:33:13","slug":"career","status":"publish","type":"page","link":"https:\/\/webseldonusum.net\/tema\/danismanlik-2\/career\/","title":{"rendered":"Career"},"content":{"rendered":"\t\t<div data-elementor-type=\"wp-page\" data-elementor-id=\"5563\" class=\"elementor elementor-5563\">\n\t\t\t\t\t\t<section class=\"elementor-section elementor-top-section elementor-element elementor-element-fae2519 elementor-section-full_width elementor-section-height-default elementor-section-height-default\" data-id=\"fae2519\" data-element_type=\"section\" data-settings=\"{&quot;background_background&quot;:&quot;classic&quot;}\">\n\t\t\t\t\t\t<div class=\"elementor-container elementor-column-gap-default\">\n\t\t\t\t\t<div class=\"elementor-column elementor-col-100 elementor-top-column elementor-element elementor-element-748588f\" data-id=\"748588f\" data-element_type=\"column\">\n\t\t\t<div class=\"elementor-widget-wrap elementor-element-populated\">\n\t\t\t\t\t\t<section class=\"elementor-section elementor-inner-section elementor-element elementor-element-07252f1 elementor-section-boxed elementor-section-height-default elementor-section-height-default\" data-id=\"07252f1\" data-element_type=\"section\">\n\t\t\t\t\t\t<div class=\"elementor-container elementor-column-gap-default\">\n\t\t\t\t\t<div class=\"elementor-column elementor-col-100 elementor-inner-column elementor-element elementor-element-c06ea36\" data-id=\"c06ea36\" data-element_type=\"column\">\n\t\t\t<div class=\"elementor-widget-wrap elementor-element-populated\">\n\t\t\t\t\t\t<div class=\"elementor-element elementor-element-18b10fb elementor-widget elementor-widget-tx_heading elh-el tx_heading\" data-id=\"18b10fb\" data-element_type=\"widget\" data-settings=\"{&quot;design_style&quot;:&quot;style_6&quot;}\" data-widget_type=\"tx_heading.default\">\n\t\t\t\t<div class=\"elementor-widget-container\">\n\t\t\t\t\t<div class=\"pf-about-inner-sec-title tx-heading-section m-0\">\r\n        <div class=\"pf-subtitle-3 has-inner tx-subTitle\">\r\n        Neden bize kat\u0131lmal\u0131s\u0131n\u0131z?\n                            <span class=\"pf-subtitle-3-line\"><\/span>    <\/div>\r\n    <h2 class=\"tx-title pf-sec-title-6  pf-split-2\">Rekabet\u00e7i Yan Haklar<br>\n\u00dcst\u00fcn Kariyer Planlama<\/h2>    <\/div>\t\t\t\t<\/div>\n\t\t\t\t<\/div>\n\t\t\t\t\t<\/div>\n\t\t<\/div>\n\t\t\t\t\t<\/div>\n\t\t<\/section>\n\t\t\t\t<section class=\"elementor-section elementor-inner-section elementor-element elementor-element-cde5d02 elementor-section-boxed elementor-section-height-default elementor-section-height-default\" data-id=\"cde5d02\" data-element_type=\"section\">\n\t\t\t\t\t\t<div class=\"elementor-container elementor-column-gap-default\">\n\t\t\t\t\t<div class=\"elementor-column elementor-col-33 elementor-inner-column elementor-element elementor-element-a7883ce\" data-id=\"a7883ce\" data-element_type=\"column\">\n\t\t\t<div class=\"elementor-widget-wrap elementor-element-populated\">\n\t\t\t\t\t\t<div class=\"elementor-element elementor-element-ef1aa07 elementor-widget elementor-widget-tx_icon_box elh-el tx_icon_box\" data-id=\"ef1aa07\" data-element_type=\"widget\" data-settings=\"{&quot;design_style&quot;:&quot;style_4&quot;}\" data-widget_type=\"tx_icon_box.default\">\n\t\t\t\t<div class=\"elementor-widget-container\">\n\t\t\t\t\t<div class=\"pf-career-benefit-1-item-single wow fadeInUp txIcon-box\">\r\n    <div class=\"item-icon\">\r\n                    <img decoding=\"async\" src=\"https:\/\/webseldonusum.net\/tema\/danismanlik-2\/wp-content\/uploads\/2024\/12\/career-1.svg\" alt=\"career-1\" \/>\r\n            <\/div>\r\n        <h4 class=\" item-title pf-h-5\">Rekabet\u00e7i \u00dccretler<\/h4>\r\n    \r\n        <p class=\"item-disc pf-p-6 tx-description\">\u00c7apraz fonksiyonlu ekiplere liderlik etme, yenilik\u00e7i \u00fcr\u00fcn stratejileri geli\u015ftirme konusunda kan\u0131tlanm\u0131\u015f ekiplerle y\u00fcksek \u00fccretlerle \u00e7al\u0131\u015fma<\/p>\r\n    <\/div>\t\t\t\t<\/div>\n\t\t\t\t<\/div>\n\t\t\t\t\t<\/div>\n\t\t<\/div>\n\t\t\t\t<div class=\"elementor-column elementor-col-33 elementor-inner-column elementor-element elementor-element-16658d0\" data-id=\"16658d0\" data-element_type=\"column\">\n\t\t\t<div class=\"elementor-widget-wrap elementor-element-populated\">\n\t\t\t\t\t\t<div class=\"elementor-element elementor-element-d48b843 elementor-widget elementor-widget-tx_icon_box elh-el tx_icon_box\" data-id=\"d48b843\" data-element_type=\"widget\" data-settings=\"{&quot;design_style&quot;:&quot;style_4&quot;}\" data-widget_type=\"tx_icon_box.default\">\n\t\t\t\t<div class=\"elementor-widget-container\">\n\t\t\t\t\t<div class=\"pf-career-benefit-1-item-single wow fadeInUp txIcon-box\">\r\n    <div class=\"item-icon\">\r\n                    <img decoding=\"async\" src=\"https:\/\/webseldonusum.net\/tema\/danismanlik-2\/wp-content\/uploads\/2024\/12\/career-2.svg\" alt=\"career-2\" \/>\r\n            <\/div>\r\n        <h4 class=\" item-title pf-h-5\">\u0130novasyon<\/h4>\r\n    \r\n        <p class=\"item-disc pf-p-6 tx-description\">Yeni fikirlerle besleniyoruz; bu da bizi, normlar\u0131 yeniden tan\u0131mlayan ve bizi \u00e7\u0131\u011f\u0131r a\u00e7an bir ekip olarak konumland\u0131ran \u00f6nc\u00fc \u00e7\u00f6z\u00fcmler<\/p>\r\n    <\/div>\t\t\t\t<\/div>\n\t\t\t\t<\/div>\n\t\t\t\t\t<\/div>\n\t\t<\/div>\n\t\t\t\t<div class=\"elementor-column elementor-col-33 elementor-inner-column elementor-element elementor-element-67cc5a8\" data-id=\"67cc5a8\" data-element_type=\"column\">\n\t\t\t<div class=\"elementor-widget-wrap elementor-element-populated\">\n\t\t\t\t\t\t<div class=\"elementor-element elementor-element-4fbb9ae elementor-widget elementor-widget-tx_icon_box elh-el tx_icon_box\" data-id=\"4fbb9ae\" data-element_type=\"widget\" data-settings=\"{&quot;design_style&quot;:&quot;style_4&quot;}\" data-widget_type=\"tx_icon_box.default\">\n\t\t\t\t<div class=\"elementor-widget-container\">\n\t\t\t\t\t<div class=\"pf-career-benefit-1-item-single wow fadeInUp txIcon-box\">\r\n    <div class=\"item-icon\">\r\n                    <img decoding=\"async\" src=\"https:\/\/webseldonusum.net\/tema\/danismanlik-2\/wp-content\/uploads\/2024\/12\/career-3.svg\" alt=\"career-3\" \/>\r\n            <\/div>\r\n        <h4 class=\" item-title pf-h-5\">Sa\u011fl\u0131k Sigortas\u0131<\/h4>\r\n    \r\n        <p class=\"item-disc pf-p-6 tx-description\">Ekibimizin sa\u011fl\u0131\u011f\u0131n\u0131 g\u00fcvence alt\u0131na almak i\u00e7in kapsaml\u0131 \u00f6zel sa\u011fl\u0131k sigortas\u0131 imkanlar\u0131 sunuyoruz.<\/p>\r\n    <\/div>\t\t\t\t<\/div>\n\t\t\t\t<\/div>\n\t\t\t\t\t<\/div>\n\t\t<\/div>\n\t\t\t\t\t<\/div>\n\t\t<\/section>\n\t\t\t\t<section class=\"elementor-section elementor-inner-section elementor-element elementor-element-c890b79 elementor-section-boxed elementor-section-height-default elementor-section-height-default\" data-id=\"c890b79\" data-element_type=\"section\">\n\t\t\t\t\t\t<div class=\"elementor-container elementor-column-gap-default\">\n\t\t\t\t\t<div class=\"elementor-column elementor-col-33 elementor-inner-column elementor-element elementor-element-0863eeb\" data-id=\"0863eeb\" data-element_type=\"column\">\n\t\t\t<div class=\"elementor-widget-wrap elementor-element-populated\">\n\t\t\t\t\t\t<div class=\"elementor-element elementor-element-45edcb0 elementor-widget elementor-widget-tx_icon_box elh-el tx_icon_box\" data-id=\"45edcb0\" data-element_type=\"widget\" data-settings=\"{&quot;design_style&quot;:&quot;style_4&quot;}\" data-widget_type=\"tx_icon_box.default\">\n\t\t\t\t<div class=\"elementor-widget-container\">\n\t\t\t\t\t<div class=\"pf-career-benefit-1-item-single wow fadeInUp txIcon-box\">\r\n    <div class=\"item-icon\">\r\n                    <img decoding=\"async\" src=\"https:\/\/webseldonusum.net\/tema\/danismanlik-2\/wp-content\/uploads\/2024\/12\/career-4.svg\" alt=\"career-4\" \/>\r\n            <\/div>\r\n        <h4 class=\" item-title pf-h-5\">Emeklilik Plan\u0131<\/h4>\r\n    \r\n        <p class=\"item-disc pf-p-6 tx-description\">\u00c7al\u0131\u015fanlar\u0131m\u0131z\u0131n finansal geleceklerini g\u00fcvence alt\u0131na almalar\u0131na yard\u0131mc\u0131 olmak amac\u0131yla rekabet\u00e7i emeklilik planlar\u0131 sa\u011fl\u0131yoruz.<\/p>\r\n    <\/div>\t\t\t\t<\/div>\n\t\t\t\t<\/div>\n\t\t\t\t\t<\/div>\n\t\t<\/div>\n\t\t\t\t<div class=\"elementor-column elementor-col-33 elementor-inner-column elementor-element elementor-element-12b93cb\" data-id=\"12b93cb\" data-element_type=\"column\">\n\t\t\t<div class=\"elementor-widget-wrap elementor-element-populated\">\n\t\t\t\t\t\t<div class=\"elementor-element elementor-element-0771b0a elementor-widget elementor-widget-tx_icon_box elh-el tx_icon_box\" data-id=\"0771b0a\" data-element_type=\"widget\" data-settings=\"{&quot;design_style&quot;:&quot;style_4&quot;}\" data-widget_type=\"tx_icon_box.default\">\n\t\t\t\t<div class=\"elementor-widget-container\">\n\t\t\t\t\t<div class=\"pf-career-benefit-1-item-single wow fadeInUp txIcon-box\">\r\n    <div class=\"item-icon\">\r\n                    <img decoding=\"async\" src=\"https:\/\/webseldonusum.net\/tema\/danismanlik-2\/wp-content\/uploads\/2024\/12\/career-5.svg\" alt=\"career-5\" \/>\r\n            <\/div>\r\n        <h4 class=\" item-title pf-h-5\">Ekip Ruhu<\/h4>\r\n    \r\n        <p class=\"item-disc pf-p-6 tx-description\">Ekip ruhunu g\u00fc\u00e7lendirmek ve i\u015fbirli\u011fini art\u0131rmak i\u00e7in d\u00fczenli tak\u0131m kurma etkinlikleri d\u00fczenliyoruz.<\/p>\r\n    <\/div>\t\t\t\t<\/div>\n\t\t\t\t<\/div>\n\t\t\t\t\t<\/div>\n\t\t<\/div>\n\t\t\t\t<div class=\"elementor-column elementor-col-33 elementor-inner-column elementor-element elementor-element-a6645d6\" data-id=\"a6645d6\" data-element_type=\"column\">\n\t\t\t<div class=\"elementor-widget-wrap elementor-element-populated\">\n\t\t\t\t\t\t<div class=\"elementor-element elementor-element-dcce98f elementor-widget elementor-widget-tx_icon_box elh-el tx_icon_box\" data-id=\"dcce98f\" data-element_type=\"widget\" data-settings=\"{&quot;design_style&quot;:&quot;style_4&quot;}\" data-widget_type=\"tx_icon_box.default\">\n\t\t\t\t<div class=\"elementor-widget-container\">\n\t\t\t\t\t<div class=\"pf-career-benefit-1-item-single wow fadeInUp txIcon-box\">\r\n    <div class=\"item-icon\">\r\n                    <img decoding=\"async\" src=\"https:\/\/webseldonusum.net\/tema\/danismanlik-2\/wp-content\/uploads\/2024\/12\/career-6.svg\" alt=\"career-6\" \/>\r\n            <\/div>\r\n        <h4 class=\" item-title pf-h-5\">Arkada\u015f\u00e7a ortam<\/h4>\r\n    \r\n        <p class=\"item-disc pf-p-6 tx-description\">Destekleyici ve samimi bir \u00e7al\u0131\u015fma ortam\u0131 yaratarak, herkesin kendini de\u011ferli hissetti\u011fi ve i\u015fbirli\u011fine a\u00e7\u0131k bir atmosfer sa\u011fl\u0131yoruz.<\/p>\r\n    <\/div>\t\t\t\t<\/div>\n\t\t\t\t<\/div>\n\t\t\t\t\t<\/div>\n\t\t<\/div>\n\t\t\t\t\t<\/div>\n\t\t<\/section>\n\t\t\t\t\t<\/div>\n\t\t<\/div>\n\t\t\t\t\t<\/div>\n\t\t<\/section>\n\t\t\t\t<section class=\"elementor-section elementor-top-section elementor-element elementor-element-0cc7577 elementor-section-full_width elementor-section-height-default elementor-section-height-default\" data-id=\"0cc7577\" data-element_type=\"section\" data-settings=\"{&quot;background_background&quot;:&quot;classic&quot;}\">\n\t\t\t\t\t\t<div class=\"elementor-container elementor-column-gap-default\">\n\t\t\t\t\t<div class=\"elementor-column elementor-col-100 elementor-top-column elementor-element elementor-element-1ecbfb4\" data-id=\"1ecbfb4\" data-element_type=\"column\">\n\t\t\t<div class=\"elementor-widget-wrap elementor-element-populated\">\n\t\t\t\t\t\t<section class=\"elementor-section elementor-inner-section elementor-element elementor-element-195ec0e elementor-section-boxed elementor-section-height-default elementor-section-height-default\" data-id=\"195ec0e\" data-element_type=\"section\">\n\t\t\t\t\t\t<div class=\"elementor-container elementor-column-gap-default\">\n\t\t\t\t\t<div class=\"elementor-column elementor-col-100 elementor-inner-column elementor-element elementor-element-a8b06f6\" data-id=\"a8b06f6\" data-element_type=\"column\">\n\t\t\t<div class=\"elementor-widget-wrap elementor-element-populated\">\n\t\t\t\t\t\t<div class=\"elementor-element elementor-element-183ba75 elementor-widget elementor-widget-tx_heading elh-el tx_heading\" data-id=\"183ba75\" data-element_type=\"widget\" data-settings=\"{&quot;design_style&quot;:&quot;style_6&quot;}\" data-widget_type=\"tx_heading.default\">\n\t\t\t\t<div class=\"elementor-widget-container\">\n\t\t\t\t\t<div class=\"pf-about-inner-sec-title tx-heading-section m-0\">\r\n        <div class=\"pf-subtitle-3 has-inner tx-subTitle\">\r\n        \u0130\u015f F\u0131rsatlar\u0131\n                            <span class=\"pf-subtitle-3-line\"><\/span>    <\/div>\r\n    <h2 class=\"tx-title pf-sec-title-6  pf-split-2\">Kariyer Se\u00e7enekleri<\/h2>        <p class=\"tx-description\">\r\n        Ailemize kat\u0131lacak yarat\u0131c\u0131, yetenekli, kendi kendine motive olabilen ki\u015filer her zaman ar\u0131yoruz. A\u015fa\u011f\u0131daki a\u00e7\u0131k pozisyonlar\u0131m\u0131za g\u00f6z at\u0131n ve bir ba\u015fvuru formu doldurun.    <\/p>\r\n    <\/div>\t\t\t\t<\/div>\n\t\t\t\t<\/div>\n\t\t\t\t\t<\/div>\n\t\t<\/div>\n\t\t\t\t\t<\/div>\n\t\t<\/section>\n\t\t\t\t<section class=\"elementor-section elementor-inner-section elementor-element elementor-element-5be185d elementor-section-boxed elementor-section-height-default elementor-section-height-default\" data-id=\"5be185d\" data-element_type=\"section\">\n\t\t\t\t\t\t<div class=\"elementor-container elementor-column-gap-custom\">\n\t\t\t\t\t<div class=\"elementor-column elementor-col-50 elementor-inner-column elementor-element elementor-element-a70229c\" data-id=\"a70229c\" data-element_type=\"column\">\n\t\t\t<div class=\"elementor-widget-wrap elementor-element-populated\">\n\t\t\t\t\t\t<div class=\"elementor-element elementor-element-2411ae2 elementor-widget elementor-widget-tx_career_box elh-el tx_career_box\" data-id=\"2411ae2\" data-element_type=\"widget\" data-settings=\"{&quot;design_style&quot;:&quot;style_1&quot;}\" data-widget_type=\"tx_career_box.default\">\n\t\t\t\t<div class=\"elementor-widget-container\">\n\t\t\t\t\t<div class=\"pf-career-opening-1-item wow fadeInUp\">\r\n        <h4 class=\"item-title pf-h-5\">\r\n    <a href=\"https:\/\/webseldonusum.net\/tema\/danismanlik-2\/career-details\/\"\r\n        target=\"_self\"\r\n        rel=\"\"\r\n        aria-label=\"name\">Finans Uzman\u0131<\/a>\r\n    <\/h4>\r\n            <p class=\"item-disc pf-p-6 tx-description\">Hedefimiz, on binlerce veya y\u00fcz binlerce insan taraf\u0131ndan kullan\u0131lacak olan b\u00fcy\u00fck ve \u00f6nemli projelerle \u00e7al\u0131\u015fmakt\u0131r.<\/p>\r\n    \r\n        <ul class=\"item-tag pf-h-5 list-unstyled\">\r\n                <li>full-time<\/li>\r\n                <li>English level - Intermediate<\/li>\r\n            <\/ul>\r\n    <\/div>\t\t\t\t<\/div>\n\t\t\t\t<\/div>\n\t\t\t\t\t<\/div>\n\t\t<\/div>\n\t\t\t\t<div class=\"elementor-column elementor-col-50 elementor-inner-column elementor-element elementor-element-bc0a079\" data-id=\"bc0a079\" data-element_type=\"column\">\n\t\t\t<div class=\"elementor-widget-wrap elementor-element-populated\">\n\t\t\t\t\t\t<div class=\"elementor-element elementor-element-86c26f1 elementor-widget elementor-widget-tx_career_box elh-el tx_career_box\" data-id=\"86c26f1\" data-element_type=\"widget\" data-settings=\"{&quot;design_style&quot;:&quot;style_1&quot;}\" data-widget_type=\"tx_career_box.default\">\n\t\t\t\t<div class=\"elementor-widget-container\">\n\t\t\t\t\t<div class=\"pf-career-opening-1-item wow fadeInUp\">\r\n        <h4 class=\"item-title pf-h-5\">\r\n    <a href=\"https:\/\/webseldonusum.net\/tema\/danismanlik-2\/career-details\/\"\r\n        target=\"_self\"\r\n        rel=\"\"\r\n        aria-label=\"name\">Bili\u015fim Uzman\u0131<\/a>\r\n    <\/h4>\r\n            <p class=\"item-disc pf-p-6 tx-description\">Hedefimiz, on binlerce veya y\u00fcz binlerce insan taraf\u0131ndan kullan\u0131lacak olan b\u00fcy\u00fck ve \u00f6nemli projelerle \u00e7al\u0131\u015fmakt\u0131r.<\/p>\r\n    \r\n        <ul class=\"item-tag pf-h-5 list-unstyled\">\r\n                <li>full-time<\/li>\r\n                <li>English level - Intermediate<\/li>\r\n            <\/ul>\r\n    <\/div>\t\t\t\t<\/div>\n\t\t\t\t<\/div>\n\t\t\t\t\t<\/div>\n\t\t<\/div>\n\t\t\t\t\t<\/div>\n\t\t<\/section>\n\t\t\t\t<section class=\"elementor-section elementor-inner-section elementor-element elementor-element-b005e73 elementor-section-boxed elementor-section-height-default elementor-section-height-default\" data-id=\"b005e73\" data-element_type=\"section\">\n\t\t\t\t\t\t<div class=\"elementor-container elementor-column-gap-custom\">\n\t\t\t\t\t<div class=\"elementor-column elementor-col-50 elementor-inner-column elementor-element elementor-element-effee88\" data-id=\"effee88\" data-element_type=\"column\">\n\t\t\t<div class=\"elementor-widget-wrap elementor-element-populated\">\n\t\t\t\t\t\t<div class=\"elementor-element elementor-element-dddfd70 elementor-widget elementor-widget-tx_career_box elh-el tx_career_box\" data-id=\"dddfd70\" data-element_type=\"widget\" data-settings=\"{&quot;design_style&quot;:&quot;style_1&quot;}\" data-widget_type=\"tx_career_box.default\">\n\t\t\t\t<div class=\"elementor-widget-container\">\n\t\t\t\t\t<div class=\"pf-career-opening-1-item wow fadeInUp\">\r\n        <h4 class=\"item-title pf-h-5\">\r\n    <a href=\"https:\/\/webseldonusum.net\/tema\/danismanlik-2\/career-details\/\"\r\n        target=\"_self\"\r\n        rel=\"\"\r\n        aria-label=\"name\">Destek G\u00f6revlisi<\/a>\r\n    <\/h4>\r\n            <p class=\"item-disc pf-p-6 tx-description\">Hedefimiz, on binlerce veya y\u00fcz binlerce insan taraf\u0131ndan kullan\u0131lacak olan b\u00fcy\u00fck ve \u00f6nemli projelerle \u00e7al\u0131\u015fmakt\u0131r.<\/p>\r\n    \r\n        <ul class=\"item-tag pf-h-5 list-unstyled\">\r\n                <li>full-time<\/li>\r\n                <li>English level - Intermediate<\/li>\r\n            <\/ul>\r\n    <\/div>\t\t\t\t<\/div>\n\t\t\t\t<\/div>\n\t\t\t\t\t<\/div>\n\t\t<\/div>\n\t\t\t\t<div class=\"elementor-column elementor-col-50 elementor-inner-column elementor-element elementor-element-54e730c\" data-id=\"54e730c\" data-element_type=\"column\">\n\t\t\t<div class=\"elementor-widget-wrap elementor-element-populated\">\n\t\t\t\t\t\t<div class=\"elementor-element elementor-element-bfadf46 elementor-widget elementor-widget-tx_career_box elh-el tx_career_box\" data-id=\"bfadf46\" data-element_type=\"widget\" data-settings=\"{&quot;design_style&quot;:&quot;style_1&quot;}\" data-widget_type=\"tx_career_box.default\">\n\t\t\t\t<div class=\"elementor-widget-container\">\n\t\t\t\t\t<div class=\"pf-career-opening-1-item wow fadeInUp\">\r\n        <h4 class=\"item-title pf-h-5\">\r\n    <a href=\"https:\/\/webseldonusum.net\/tema\/danismanlik-2\/career-details\/\"\r\n        target=\"_self\"\r\n        rel=\"\"\r\n        aria-label=\"name\">End\u00fcstri M\u00fchendisi<\/a>\r\n    <\/h4>\r\n            <p class=\"item-disc pf-p-6 tx-description\">Hedefimiz, on binlerce veya y\u00fcz binlerce insan taraf\u0131ndan kullan\u0131lacak olan b\u00fcy\u00fck ve \u00f6nemli projelerle \u00e7al\u0131\u015fmakt\u0131r.<\/p>\r\n    \r\n        <ul class=\"item-tag pf-h-5 list-unstyled\">\r\n                <li>full-time<\/li>\r\n                <li>English level - Intermediate<\/li>\r\n            <\/ul>\r\n    <\/div>\t\t\t\t<\/div>\n\t\t\t\t<\/div>\n\t\t\t\t\t<\/div>\n\t\t<\/div>\n\t\t\t\t\t<\/div>\n\t\t<\/section>\n\t\t\t\t<section class=\"elementor-section elementor-inner-section elementor-element elementor-element-a0c26b8 elementor-section-boxed elementor-section-height-default elementor-section-height-default\" data-id=\"a0c26b8\" data-element_type=\"section\">\n\t\t\t\t\t\t<div class=\"elementor-container elementor-column-gap-custom\">\n\t\t\t\t\t<div class=\"elementor-column elementor-col-50 elementor-inner-column elementor-element elementor-element-aa4613a\" data-id=\"aa4613a\" data-element_type=\"column\">\n\t\t\t<div class=\"elementor-widget-wrap elementor-element-populated\">\n\t\t\t\t\t\t<div class=\"elementor-element elementor-element-cb5b078 elementor-widget elementor-widget-tx_career_box elh-el tx_career_box\" data-id=\"cb5b078\" data-element_type=\"widget\" data-settings=\"{&quot;design_style&quot;:&quot;style_1&quot;}\" data-widget_type=\"tx_career_box.default\">\n\t\t\t\t<div class=\"elementor-widget-container\">\n\t\t\t\t\t<div class=\"pf-career-opening-1-item wow fadeInUp\">\r\n        <h4 class=\"item-title pf-h-5\">\r\n    <a href=\"https:\/\/webseldonusum.net\/tema\/danismanlik-2\/career-details\/\"\r\n        target=\"_self\"\r\n        rel=\"\"\r\n        aria-label=\"name\">\u0130K Uzman\u0131<\/a>\r\n    <\/h4>\r\n            <p class=\"item-disc pf-p-6 tx-description\">Hedefimiz, on binlerce veya y\u00fcz binlerce insan taraf\u0131ndan kullan\u0131lacak olan b\u00fcy\u00fck ve \u00f6nemli projelerle \u00e7al\u0131\u015fmakt\u0131r.<\/p>\r\n    \r\n        <ul class=\"item-tag pf-h-5 list-unstyled\">\r\n                <li>full-time<\/li>\r\n                <li>English level - Intermediate<\/li>\r\n            <\/ul>\r\n    <\/div>\t\t\t\t<\/div>\n\t\t\t\t<\/div>\n\t\t\t\t\t<\/div>\n\t\t<\/div>\n\t\t\t\t<div class=\"elementor-column elementor-col-50 elementor-inner-column elementor-element elementor-element-684ed81\" data-id=\"684ed81\" data-element_type=\"column\">\n\t\t\t<div class=\"elementor-widget-wrap elementor-element-populated\">\n\t\t\t\t\t\t<div class=\"elementor-element elementor-element-3ae7933 elementor-widget elementor-widget-tx_career_box elh-el tx_career_box\" data-id=\"3ae7933\" data-element_type=\"widget\" data-settings=\"{&quot;design_style&quot;:&quot;style_1&quot;}\" data-widget_type=\"tx_career_box.default\">\n\t\t\t\t<div class=\"elementor-widget-container\">\n\t\t\t\t\t<div class=\"pf-career-opening-1-item wow fadeInUp\">\r\n        <h4 class=\"item-title pf-h-5\">\r\n    <a href=\"https:\/\/webseldonusum.net\/tema\/danismanlik-2\/career-details\/\"\r\n        target=\"_self\"\r\n        rel=\"\"\r\n        aria-label=\"name\">Pazarlama Uzman\u0131<\/a>\r\n    <\/h4>\r\n            <p class=\"item-disc pf-p-6 tx-description\">Hedefimiz, on binlerce veya y\u00fcz binlerce insan taraf\u0131ndan kullan\u0131lacak olan b\u00fcy\u00fck ve \u00f6nemli projelerle \u00e7al\u0131\u015fmakt\u0131r.<\/p>\r\n    \r\n        <ul class=\"item-tag pf-h-5 list-unstyled\">\r\n                <li>full-time<\/li>\r\n                <li>English level - Intermediate<\/li>\r\n            <\/ul>\r\n    <\/div>\t\t\t\t<\/div>\n\t\t\t\t<\/div>\n\t\t\t\t\t<\/div>\n\t\t<\/div>\n\t\t\t\t\t<\/div>\n\t\t<\/section>\n\t\t\t\t\t<\/div>\n\t\t<\/div>\n\t\t\t\t\t<\/div>\n\t\t<\/section>\n\t\t\t\t<\/div>\n\t\t","protected":false},"excerpt":{"rendered":"<p>Neden bize kat\u0131lmal\u0131s\u0131n\u0131z? Rekabet\u00e7i Yan Haklar \u00dcst\u00fcn Kariyer Planlama Rekabet\u00e7i \u00dccretler \u00c7apraz fonksiyonlu ekiplere liderlik etme, yenilik\u00e7i \u00fcr\u00fcn stratejileri geli\u015ftirme konusunda kan\u0131tlanm\u0131\u015f ekiplerle y\u00fcksek \u00fccretlerle \u00e7al\u0131\u015fma \u0130novasyon Yeni fikirlerle besleniyoruz; bu da bizi, normlar\u0131 yeniden tan\u0131mlayan ve bizi \u00e7\u0131\u011f\u0131r a\u00e7an bir ekip olarak konumland\u0131ran \u00f6nc\u00fc \u00e7\u00f6z\u00fcmler Sa\u011fl\u0131k Sigortas\u0131 Ekibimizin sa\u011fl\u0131\u011f\u0131n\u0131 g\u00fcvence alt\u0131na almak i\u00e7in kapsaml\u0131 [&hellip;]<\/p>\n","protected":false},"author":1,"featured_media":0,"parent":0,"menu_order":0,"comment_status":"closed","ping_status":"closed","template":"elementor_header_footer","meta":{"inline_featured_image":false,"footnotes":""},"class_list":["post-5563","page","type-page","status-publish","hentry"],"_links":{"self":[{"href":"https:\/\/webseldonusum.net\/tema\/danismanlik-2\/wp-json\/wp\/v2\/pages\/5563","targetHints":{"allow":["GET"]}}],"collection":[{"href":"https:\/\/webseldonusum.net\/tema\/danismanlik-2\/wp-json\/wp\/v2\/pages"}],"about":[{"href":"https:\/\/webseldonusum.net\/tema\/danismanlik-2\/wp-json\/wp\/v2\/types\/page"}],"author":[{"embeddable":true,"href":"https:\/\/webseldonusum.net\/tema\/danismanlik-2\/wp-json\/wp\/v2\/users\/1"}],"replies":[{"embeddable":true,"href":"https:\/\/webseldonusum.net\/tema\/danismanlik-2\/wp-json\/wp\/v2\/comments?post=5563"}],"version-history":[{"count":5,"href":"https:\/\/webseldonusum.net\/tema\/danismanlik-2\/wp-json\/wp\/v2\/pages\/5563\/revisions"}],"predecessor-version":[{"id":6773,"href":"https:\/\/webseldonusum.net\/tema\/danismanlik-2\/wp-json\/wp\/v2\/pages\/5563\/revisions\/6773"}],"wp:attachment":[{"href":"https:\/\/webseldonusum.net\/tema\/danismanlik-2\/wp-json\/wp\/v2\/media?parent=5563"}],"curies":[{"name":"wp","href":"https:\/\/api.w.org\/{rel}","templated":true}]}}