{"id":5578,"date":"2024-12-07T07:03:02","date_gmt":"2024-12-07T07:03:02","guid":{"rendered":"https:\/\/themexriver.com\/wp\/pixify\/?page_id=5578"},"modified":"2025-04-26T00:36:50","modified_gmt":"2025-04-25T21:36:50","slug":"career-details","status":"publish","type":"page","link":"https:\/\/webseldonusum.net\/tema\/danismanlik-2\/career\/career-details\/","title":{"rendered":"Kariyer Detay"},"content":{"rendered":"\t\t<div data-elementor-type=\"wp-page\" data-elementor-id=\"5578\" class=\"elementor elementor-5578\">\n\t\t\t\t\t\t<section class=\"elementor-section elementor-top-section elementor-element elementor-element-7481ccc elementor-section-boxed elementor-section-height-default elementor-section-height-default\" data-id=\"7481ccc\" data-element_type=\"section\">\n\t\t\t\t\t\t<div class=\"elementor-container elementor-column-gap-default\">\n\t\t\t\t\t<div class=\"elementor-column elementor-col-66 elementor-top-column elementor-element elementor-element-44059fe\" data-id=\"44059fe\" data-element_type=\"column\">\n\t\t\t<div class=\"elementor-widget-wrap elementor-element-populated\">\n\t\t\t\t\t\t<div class=\"elementor-element elementor-element-fd7c194 elementor-widget elementor-widget-heading\" data-id=\"fd7c194\" data-element_type=\"widget\" data-widget_type=\"heading.default\">\n\t\t\t\t<div class=\"elementor-widget-container\">\n\t\t\t\t\t<h2 class=\"elementor-heading-title elementor-size-default\">\u0130K Uzman\u0131<\/h2>\t\t\t\t<\/div>\n\t\t\t\t<\/div>\n\t\t\t\t<div class=\"elementor-element elementor-element-cd5cc72 elementor-widget elementor-widget-heading\" data-id=\"cd5cc72\" data-element_type=\"widget\" data-widget_type=\"heading.default\">\n\t\t\t\t<div class=\"elementor-widget-container\">\n\t\t\t\t\t<p class=\"elementor-heading-title elementor-size-default\">Firmam\u0131z\u0131n b\u00fcy\u00fcmesine katk\u0131da bulunacak, \u0130K s\u00fcre\u00e7lerimizin etkin y\u00f6netiminde kilit rol oynayacak dinamik bir \u0130K Uzman\u0131 ar\u0131yoruz. Bu pozisyon, i\u015fe al\u0131mdan \u00e7al\u0131\u015fan ili\u015fkilerine, performans y\u00f6netiminden \u0130K operasyonlar\u0131na kadar geni\u015f bir yelpazede sorumluluklar \u00fcstlenerek ekibimizin ba\u015far\u0131s\u0131na do\u011frudan etki edecektir. E\u011fer insan odakl\u0131, proaktif ve \u00e7\u00f6z\u00fcm \u00fcreten bir profesyonelseniz, sizi ekibimize kat\u0131lmaya davet ediyoruz.<\/p>\t\t\t\t<\/div>\n\t\t\t\t<\/div>\n\t\t\t\t<div class=\"elementor-element elementor-element-019cbe4 elementor-widget elementor-widget-heading\" data-id=\"019cbe4\" data-element_type=\"widget\" data-widget_type=\"heading.default\">\n\t\t\t\t<div class=\"elementor-widget-container\">\n\t\t\t\t\t<h3 class=\"elementor-heading-title elementor-size-default\">\u0130\u015f Gereklilikleri<\/h3>\t\t\t\t<\/div>\n\t\t\t\t<\/div>\n\t\t\t\t<div class=\"elementor-element elementor-element-2bdde48 elementor-widget elementor-widget-text-editor\" data-id=\"2bdde48\" data-element_type=\"widget\" data-widget_type=\"text-editor.default\">\n\t\t\t\t<div class=\"elementor-widget-container\">\n\t\t\t\t\t\t\t\t\t<div class=\"pf-career-single-content\"><ul><li class=\"ml-4\"><strong class=\"\">\u0130\u015fe Al\u0131m S\u00fcre\u00e7leri:<\/strong> A\u00e7\u0131k pozisyonlar i\u00e7in aday ara\u015ft\u0131rma, kaynak bulma, \u00f6n eleme, m\u00fclakat organizasyonu ve i\u015fe al\u0131\u015ft\u0131rma (onboarding) s\u00fcre\u00e7lerini u\u00e7tan uca y\u00f6netmek ve ilgili platformlarda i\u015f ilanlar\u0131n\u0131 yay\u0131nlamak.<\/li><li class=\"ml-4\"><strong class=\"\">\u00c7al\u0131\u015fan \u0130li\u015fkileri ve \u00d6zl\u00fck \u0130\u015fleri:<\/strong> \u00c7al\u0131\u015fanlar\u0131n sorular\u0131na yan\u0131t vermek, \u0130K politikalar\u0131 ve prosed\u00fcrleri konusunda rehberlik etmek, personel \u00f6zl\u00fck dosyalar\u0131n\u0131 d\u00fczenlemek, yasal s\u00fcre\u00e7leri takip etmek ve \u00e7al\u0131\u015fan memnuniyetini destekleyici faaliyetlerde rol almak.<\/li><li class=\"ml-4\"><strong class=\"\">Performans ve Geli\u015fim:<\/strong> Performans de\u011ferlendirme s\u00fcre\u00e7lerine aktif destek sa\u011flamak, e\u011fitim ihtiya\u00e7 analizlerine katk\u0131da bulunmak ve e\u011fitim organizasyonlar\u0131n\u0131n planlanmas\u0131 ile y\u00fcr\u00fct\u00fclmesine yard\u0131mc\u0131 olmak.<\/li><li class=\"ml-4\"><strong class=\"\">\u0130K Operasyonlar\u0131 ve Raporlama:<\/strong> \u0130K veri tabanlar\u0131n\u0131n (HRIS) g\u00fcncel tutulmas\u0131n\u0131 sa\u011flamak, personel verilerini y\u00f6netmek, d\u00fczenli \u0130K raporlar\u0131 (i\u015fe al\u0131m metrikleri, \u00e7al\u0131\u015fan devir h\u0131z\u0131 vb.) haz\u0131rlamak ve sunmak.<\/li><li class=\"ml-4\"><strong class=\"\">Yetkinlikler ve Deneyim:<\/strong> \u0130lgili \u00fcniversite b\u00f6l\u00fcmlerinden (\u0130\u015fletme, \u00c7al\u0131\u015fma Ekonomisi, Psikoloji, Sosyoloji vb.) mezun, benzer bir \u0130K Uzman\u0131 pozisyonunda en az 2-3 y\u0131l deneyime sahip, MS Office programlar\u0131na hakim, g\u00fc\u00e7l\u00fc ileti\u015fim (yaz\u0131l\u0131 ve s\u00f6zl\u00fc), organizasyon ve problem \u00e7\u00f6zme becerileri olan, tak\u0131m \u00e7al\u0131\u015fmas\u0131na yatk\u0131n.<\/li><\/ul><\/div>\t\t\t\t\t\t\t\t<\/div>\n\t\t\t\t<\/div>\n\t\t\t\t\t<\/div>\n\t\t<\/div>\n\t\t\t\t<div class=\"elementor-column elementor-col-33 elementor-top-column elementor-element elementor-element-d4b1df9\" data-id=\"d4b1df9\" data-element_type=\"column\">\n\t\t\t<div class=\"elementor-widget-wrap elementor-element-populated\">\n\t\t\t\t\t\t<div class=\"elementor-element elementor-element-f6e834d elementor-widget elementor-widget-tx_career_box elh-el tx_career_box\" data-id=\"f6e834d\" data-element_type=\"widget\" data-settings=\"{&quot;design_style&quot;:&quot;style_2&quot;}\" data-widget_type=\"tx_career_box.default\">\n\t\t\t\t<div class=\"elementor-widget-container\">\n\t\t\t\t\t<div class=\"pf-career-single-sidebar\">\r\n        <ul class=\"pf-career-single-sidebar-list list-unstyled\">\r\n                <li>\r\n            <svg xmlns=\"http:\/\/www.w3.org\/2000\/svg\" width=\"18\" height=\"20\" viewBox=\"0 0 18 20\" fill=\"none\"><path d=\"M4.74937 2.71326L4.56668 2.89595C2.57944 4.88319 2.35293 8.02816 4.03485 10.2797L8.37224 15.9309C8.64844 16.2908 9.19131 16.2892 9.46542 15.9278L13.7604 10.2641C15.451 8.00407 15.2244 4.84526 13.2287 2.84952L13.0924 2.71326C10.7886 0.409382 7.05325 0.409385 4.74937 2.71326Z\" stroke=\"#2AC8D3\"><\/path><path d=\"M8.88542 9.19759C10.1511 9.19759 11.1771 8.17158 11.1771 6.90592C11.1771 5.64027 10.1511 4.61426 8.88542 4.61426C7.61976 4.61426 6.59375 5.64027 6.59375 6.90592C6.59375 8.17158 7.61976 9.19759 8.88542 9.19759Z\" stroke=\"#2AC8D3\"><\/path><path d=\"M3.61458 14.5244C1.86178 14.96 0.75 15.6089 0.75 16.3336C0.75 17.6453 4.39235 18.7086 8.88542 18.7086C13.3785 18.7086 17.0208 17.6453 17.0208 16.3336C17.0208 15.6089 15.9091 14.96 14.1562 14.5244\" stroke=\"#2AC8D3\" stroke-linecap=\"round\"><\/path><\/svg>            \u0130\u015fyeri                        <span>\u0130stanbul - T\u00fcrkiye<\/span>\r\n                    <\/li>\r\n                <li>\r\n            <svg xmlns=\"http:\/\/www.w3.org\/2000\/svg\" width=\"22\" height=\"22\" viewBox=\"0 0 22 22\" fill=\"none\"><path d=\"M19.25 15.4688H16.8438V13.0625C16.8438 12.8802 16.7713 12.7053 16.6424 12.5764C16.5135 12.4474 16.3386 12.375 16.1562 12.375C15.9739 12.375 15.799 12.4474 15.6701 12.5764C15.5412 12.7053 15.4688 12.8802 15.4688 13.0625V15.4688H13.0625C12.8802 15.4688 12.7053 15.5412 12.5764 15.6701C12.4474 15.799 12.375 15.9739 12.375 16.1562C12.375 16.3386 12.4474 16.5135 12.5764 16.6424C12.7053 16.7713 12.8802 16.8438 13.0625 16.8438H15.4688V19.25C15.4688 19.4323 15.5412 19.6072 15.6701 19.7361C15.799 19.8651 15.9739 19.9375 16.1562 19.9375C16.3386 19.9375 16.5135 19.8651 16.6424 19.7361C16.7713 19.6072 16.8438 19.4323 16.8438 19.25V16.8438H19.25C19.4323 16.8438 19.6072 16.7713 19.7361 16.6424C19.8651 16.5135 19.9375 16.3386 19.9375 16.1562C19.9375 15.9739 19.8651 15.799 19.7361 15.6701C19.6072 15.5412 19.4323 15.4688 19.25 15.4688Z\" fill=\"#FC5220\"><\/path><path d=\"M11 19.9377H4.125C3.94266 19.9377 3.7678 19.8652 3.63886 19.7363C3.50993 19.6074 3.4375 19.4325 3.4375 19.2502C3.43987 17.2452 4.23739 15.323 5.65512 13.9053C7.07285 12.4876 8.99503 11.69 11 11.6877C12.3288 11.6918 13.6145 11.2162 14.6207 10.3482C15.6269 9.48029 16.286 8.27835 16.477 6.96333C16.6679 5.6483 16.3778 4.30853 15.6601 3.19026C14.9423 2.07199 13.845 1.25035 12.5699 0.876354C11.2948 0.502355 9.92752 0.601126 8.71941 1.15451C7.51131 1.7079 6.54351 2.67872 5.9939 3.88855C5.44429 5.09838 5.34979 6.46593 5.72777 7.73986C6.10574 9.01379 6.93081 10.1085 8.05131 10.8228C6.3036 11.4349 4.78891 12.5743 3.71622 14.0837C2.64353 15.5932 2.06572 17.3984 2.0625 19.2502C2.0625 19.7972 2.2798 20.3218 2.66659 20.7086C3.05339 21.0954 3.57799 21.3127 4.125 21.3127H11C11.1823 21.3127 11.3572 21.2402 11.4861 21.1113C11.6151 20.9824 11.6875 20.8075 11.6875 20.6252C11.6875 20.4428 11.6151 20.268 11.4861 20.139C11.3572 20.0101 11.1823 19.9377 11 19.9377ZM6.875 6.18767C6.875 5.37182 7.11693 4.5743 7.57019 3.89595C8.02345 3.21759 8.66769 2.68888 9.42143 2.37667C10.1752 2.06446 11.0046 1.98277 11.8047 2.14193C12.6049 2.3011 13.3399 2.69397 13.9168 3.27086C14.4937 3.84775 14.8866 4.58275 15.0457 5.38293C15.2049 6.1831 15.1232 7.0125 14.811 7.76624C14.4988 8.51999 13.9701 9.16422 13.2917 9.61748C12.6134 10.0707 11.8158 10.3127 11 10.3127C9.90632 10.3116 8.85774 9.87663 8.08439 9.10328C7.31104 8.32993 6.87609 7.28136 6.875 6.18767Z\" fill=\"#FC5220\"><\/path><\/svg>            \u0130\u015f T\u00fcr\u00fc                        <span>Full Time<\/span>\r\n                    <\/li>\r\n                <li>\r\n            <svg xmlns=\"http:\/\/www.w3.org\/2000\/svg\" width=\"22\" height=\"22\" viewBox=\"0 0 22 22\" fill=\"none\"><path d=\"M15.4033 8.95272C15.7878 8.70866 16.0443 8.28012 16.0443 7.79199C16.0443 7.03368 15.4276 6.41699 14.6693 6.41699H14.562L16.8954 2.5278C16.9804 2.38618 16.9827 2.20972 16.9011 2.06603C16.8202 1.92258 16.6678 1.83366 16.5026 1.83366C15.9535 1.83366 15.7014 1.66545 15.3818 1.45233C15.0243 1.21376 14.579 0.916992 13.7526 0.916992C12.9262 0.916992 12.481 1.21376 12.1235 1.45233C11.8038 1.66545 11.5517 1.83366 11.0026 1.83366C10.454 1.83366 10.2017 1.66545 9.88175 1.45233C9.52402 1.21376 9.07852 0.916992 8.2526 0.916992C7.42669 0.916992 6.98119 1.21376 6.62346 1.45233C6.30377 1.66545 6.05146 1.83366 5.5026 1.83366C5.33738 1.83366 5.18498 1.92258 5.10385 2.06626C5.0225 2.20995 5.02456 2.38618 5.10958 2.52803L7.44319 6.41699H7.33594C6.57763 6.41699 5.96094 7.03368 5.96094 7.79199C5.96094 8.28012 6.21738 8.70866 6.60192 8.95272C4.96704 10.1389 1.83594 12.8822 1.83594 16.5003C1.83594 20.5392 6.46992 21.0837 11.0026 21.0837C15.5353 21.0837 20.1693 20.5392 20.1693 16.5003C20.1693 12.8822 17.0382 10.1389 15.4033 8.95272ZM6.25381 2.65339C6.63492 2.54614 6.90144 2.36853 7.13175 2.21499C7.45144 2.00187 7.70375 1.83366 8.2526 1.83366C8.80123 1.83366 9.05354 2.00187 9.37346 2.21499C9.73119 2.45355 10.1767 2.75033 11.0026 2.75033C11.829 2.75033 12.2743 2.45355 12.6318 2.21499C12.9514 2.00187 13.2035 1.83366 13.7526 1.83366C14.3017 1.83366 14.5538 2.00187 14.8735 2.21499C15.1038 2.36853 15.3701 2.54614 15.7514 2.65339L13.4932 6.41699H12.6432C12.8032 5.36099 13.4396 4.39024 13.4467 4.37947C13.5869 4.16887 13.5301 3.88424 13.3195 3.74399C13.1086 3.60328 12.8243 3.66058 12.684 3.87118C12.6476 3.92572 11.8789 5.0963 11.7206 6.41699H10.2851C10.127 5.0963 9.3581 3.92572 9.32167 3.87118C9.18119 3.66058 8.89679 3.60328 8.68619 3.74399C8.47558 3.88424 8.41875 4.16887 8.559 4.37947C8.56633 4.39047 9.20342 5.35687 9.36292 6.41699H8.51248L6.25381 2.65339ZM7.33594 7.33366H14.6693C14.922 7.33366 15.1276 7.53922 15.1276 7.79199C15.1276 8.04476 14.922 8.25033 14.6693 8.25033H7.33594C7.08317 8.25033 6.8776 8.04476 6.8776 7.79199C6.8776 7.53922 7.08317 7.33366 7.33594 7.33366ZM11.0026 20.167C5.14281 20.167 2.7526 19.1046 2.7526 16.5003C2.7526 12.5651 7.1989 9.62051 7.92352 9.16699H14.0817C14.8063 9.62051 19.2526 12.5651 19.2526 16.5003C19.2526 19.1046 16.8624 20.167 11.0026 20.167ZM12.8359 15.5837C12.8359 16.342 12.2193 16.9587 11.4609 16.9587V17.6462C11.4609 17.8992 11.2556 18.1045 11.0026 18.1045C10.7496 18.1045 10.5443 17.8992 10.5443 17.6462V16.9587H9.85677C9.60377 16.9587 9.39844 16.7533 9.39844 16.5003C9.39844 16.2473 9.60377 16.042 9.85677 16.042H11.4609C11.7137 16.042 11.9193 15.8364 11.9193 15.5837C11.9193 15.3309 11.7137 15.1253 11.4609 15.1253H10.5443C9.78596 15.1253 9.16927 14.5086 9.16927 13.7503C9.16927 12.992 9.78596 12.3753 10.5443 12.3753V11.6878C10.5443 11.4348 10.7496 11.2295 11.0026 11.2295C11.2556 11.2295 11.4609 11.4348 11.4609 11.6878V12.3753H12.1484C12.4014 12.3753 12.6068 12.5807 12.6068 12.8337C12.6068 13.0867 12.4014 13.292 12.1484 13.292H10.5443C10.2915 13.292 10.0859 13.4976 10.0859 13.7503C10.0859 14.0031 10.2915 14.2087 10.5443 14.2087H11.4609C12.2193 14.2087 12.8359 14.8253 12.8359 15.5837Z\" fill=\"#FC5220\"><\/path><\/svg>            \u00dccret                        <span>75.000 - 90.000 TL<\/span>\r\n                    <\/li>\r\n                <li>\r\n            <svg xmlns=\"http:\/\/www.w3.org\/2000\/svg\" width=\"22\" height=\"22\" viewBox=\"0 0 22 22\" fill=\"none\"><g clip-path=\"url(#clip0_2150_3335)\"><path d=\"M11 0C4.93515 0 0 4.93515 0 11C0 17.0648 4.93515 22 11 22C17.0648 22 22 17.0648 22 11C22 4.93515 17.0648 0 11 0ZM11 20.8108C5.58917 20.8108 1.18917 16.4108 1.18917 11C1.18917 5.58917 5.58917 1.18917 11 1.18917C16.4108 1.18917 20.8108 5.58917 20.8108 11C20.8108 16.4108 16.4108 20.8108 11 20.8108Z\" fill=\"#FC5220\"><\/path><path d=\"M11.0008 5.3509C11.3279 5.3509 11.5954 5.08335 11.5954 4.75631V2.97251C11.5954 2.64548 11.3279 2.37793 11.0008 2.37793C10.6738 2.37793 10.4062 2.64548 10.4062 2.97251V4.75631C10.4062 5.08335 10.6738 5.3509 11.0008 5.3509Z\" fill=\"#FC5220\"><\/path><path d=\"M11.0008 16.6484C10.6738 16.6484 10.4062 16.916 10.4062 17.243V19.0268C10.4062 19.3539 10.6738 19.6214 11.0008 19.6214C11.3279 19.6214 11.5954 19.3539 11.5954 19.0268V17.243C11.5954 16.916 11.3279 16.6484 11.0008 16.6484Z\" fill=\"#FC5220\"><\/path><path d=\"M16.6484 10.9999C16.6484 11.3269 16.916 11.5944 17.243 11.5944H19.0268C19.3539 11.5944 19.6214 11.3269 19.6214 10.9999C19.6214 10.6728 19.3539 10.4053 19.0268 10.4053H17.243C16.916 10.4053 16.6484 10.6728 16.6484 10.9999Z\" fill=\"#FC5220\"><\/path><path d=\"M5.35188 10.9999C5.35188 10.6728 5.08432 10.4053 4.75729 10.4053H2.97349C2.64646 10.4053 2.37891 10.6728 2.37891 10.9999C2.37891 11.3269 2.64646 11.5944 2.97349 11.5944H4.75729C5.08432 11.5944 5.35188 11.3269 5.35188 10.9999Z\" fill=\"#FC5220\"><\/path><path d=\"M15.4164 7.17973C15.568 7.17973 15.7196 7.12025 15.8356 7.00432L17.0961 5.74376C17.328 5.51185 17.328 5.13428 17.0961 4.90243C16.8642 4.67057 16.4867 4.67052 16.2548 4.90243L14.9942 6.16299C14.7623 6.39489 14.7623 6.77247 14.9942 7.00432C15.1132 7.12323 15.2648 7.17973 15.4164 7.17973Z\" fill=\"#FC5220\"><\/path><path d=\"M6.16496 14.9953L4.9044 16.2559C4.67249 16.4878 4.67249 16.8654 4.9044 17.0972C5.02033 17.2131 5.17195 17.2726 5.32358 17.2726C5.4752 17.2726 5.62683 17.2131 5.74275 17.0972L7.00331 15.8367C7.23522 15.6048 7.23522 15.2272 7.00331 14.9953C6.77141 14.7635 6.39686 14.7605 6.16496 14.9953Z\" fill=\"#FC5220\"><\/path><path d=\"M15.8356 14.9952C15.6037 14.7633 15.2261 14.7633 14.9942 14.9952C14.7623 15.2271 14.7623 15.6047 14.9942 15.8366L16.2548 17.0971C16.3707 17.213 16.5224 17.2725 16.674 17.2725C16.8256 17.2725 16.9772 17.213 17.0932 17.0971C17.3251 16.8652 17.3251 16.4876 17.0932 16.2558L15.8356 14.9952Z\" fill=\"#FC5220\"><\/path><path d=\"M5.74571 4.90244C5.51381 4.67054 5.13624 4.67054 4.90438 4.90244C4.67252 5.13435 4.67247 5.51192 4.90438 5.74378L6.16494 7.00434C6.28087 7.12027 6.43249 7.17975 6.58412 7.17975C6.73574 7.17975 6.88737 7.12027 7.0033 7.00434C7.2352 6.77243 7.2352 6.39486 7.0033 6.16301L5.74571 4.90244Z\" fill=\"#FC5220\"><\/path><path d=\"M13.5269 7.48894L11.0474 10.3638L9.51334 8.66624C9.29335 8.42247 8.91578 8.4046 8.67201 8.62464C8.42824 8.84463 8.41036 9.2222 8.6304 9.46597L10.2656 11.2736L9.81068 11.7998C9.59665 12.0495 9.62336 12.4241 9.87309 12.6381C9.98604 12.7362 10.1228 12.7838 10.2596 12.7838C10.4261 12.7838 10.5926 12.7125 10.7115 12.5787L11.0683 12.1625L11.4548 12.5876C11.5707 12.7184 11.7342 12.7838 11.8948 12.7838C12.0374 12.7838 12.1802 12.7333 12.2931 12.6292C12.5369 12.4092 12.5548 12.0316 12.3347 11.7879L11.8501 11.2527L14.4247 8.26489C14.6387 8.01516 14.612 7.64057 14.3623 7.42654C14.1155 7.21245 13.7409 7.24219 13.5269 7.48894Z\" fill=\"#FC5220\"><\/path><\/g><defs><clipPath id=\"clip0_2150_3335\"><rect width=\"22\" height=\"22\" fill=\"white\"><\/rect><\/clipPath><\/defs><\/svg>            \u00c7al\u0131\u015fma G\u00fcnleri                        <span>Hafta i\u00e7i 5 g\u00fcn<\/span>\r\n                    <\/li>\r\n            <\/ul>\r\n    \r\n        <a href=\"https:\/\/webseldonusum.net\/tema\/danismanlik-2\/job-apply\/\"\r\n        target=\"_self\"\r\n        rel=\"\"\r\n        aria-label=\"name\" class=\"pf-pr-6 pf-career-single-sidebar-btn\">\r\n                <span class=\"text\"\r\n            data-back=\"\u015e\u0130MD\u0130 BA\u015eVURUN\"\r\n            data-front=\"\u015e\u0130MD\u0130 BA\u015eVURUN\">\r\n        <\/span>\r\n        \r\n                <span class=\"icon\">\r\n            <svg xmlns=\"http:\/\/www.w3.org\/2000\/svg\" width=\"24\" height=\"24\" viewBox=\"0 0 24 24\" fill=\"none\" stroke=\"currentColor\" stroke-width=\"2\" stroke-linecap=\"round\" stroke-linejoin=\"round\" class=\"feather feather-arrow-up-right\"><line x1=\"7\" y1=\"17\" x2=\"17\" y2=\"7\"><\/line><polyline points=\"7 7 17 7 17 17\"><\/polyline><\/svg>            <svg xmlns=\"http:\/\/www.w3.org\/2000\/svg\" width=\"24\" height=\"24\" viewBox=\"0 0 24 24\" fill=\"none\" stroke=\"currentColor\" stroke-width=\"2\" stroke-linecap=\"round\" stroke-linejoin=\"round\" class=\"feather feather-arrow-up-right\"><line x1=\"7\" y1=\"17\" x2=\"17\" y2=\"7\"><\/line><polyline points=\"7 7 17 7 17 17\"><\/polyline><\/svg>        <\/span>\r\n            <\/a>\r\n    <\/div>\t\t\t\t<\/div>\n\t\t\t\t<\/div>\n\t\t\t\t\t<\/div>\n\t\t<\/div>\n\t\t\t\t\t<\/div>\n\t\t<\/section>\n\t\t\t\t<\/div>\n\t\t","protected":false},"excerpt":{"rendered":"<p>\u0130K Uzman\u0131 Firmam\u0131z\u0131n b\u00fcy\u00fcmesine katk\u0131da bulunacak, \u0130K s\u00fcre\u00e7lerimizin etkin y\u00f6netiminde kilit rol oynayacak dinamik bir \u0130K Uzman\u0131 ar\u0131yoruz. Bu pozisyon, i\u015fe al\u0131mdan \u00e7al\u0131\u015fan ili\u015fkilerine, performans y\u00f6netiminden \u0130K operasyonlar\u0131na kadar geni\u015f bir yelpazede sorumluluklar \u00fcstlenerek ekibimizin ba\u015far\u0131s\u0131na do\u011frudan etki edecektir. E\u011fer insan odakl\u0131, proaktif ve \u00e7\u00f6z\u00fcm \u00fcreten bir profesyonelseniz, sizi ekibimize kat\u0131lmaya davet ediyoruz. \u0130\u015f Gereklilikleri [&hellip;]<\/p>\n","protected":false},"author":1,"featured_media":0,"parent":5563,"menu_order":0,"comment_status":"closed","ping_status":"closed","template":"elementor_header_footer","meta":{"inline_featured_image":false,"footnotes":""},"class_list":["post-5578","page","type-page","status-publish","hentry"],"_links":{"self":[{"href":"https:\/\/webseldonusum.net\/tema\/danismanlik-2\/wp-json\/wp\/v2\/pages\/5578","targetHints":{"allow":["GET"]}}],"collection":[{"href":"https:\/\/webseldonusum.net\/tema\/danismanlik-2\/wp-json\/wp\/v2\/pages"}],"about":[{"href":"https:\/\/webseldonusum.net\/tema\/danismanlik-2\/wp-json\/wp\/v2\/types\/page"}],"author":[{"embeddable":true,"href":"https:\/\/webseldonusum.net\/tema\/danismanlik-2\/wp-json\/wp\/v2\/users\/1"}],"replies":[{"embeddable":true,"href":"https:\/\/webseldonusum.net\/tema\/danismanlik-2\/wp-json\/wp\/v2\/comments?post=5578"}],"version-history":[{"count":4,"href":"https:\/\/webseldonusum.net\/tema\/danismanlik-2\/wp-json\/wp\/v2\/pages\/5578\/revisions"}],"predecessor-version":[{"id":6777,"href":"https:\/\/webseldonusum.net\/tema\/danismanlik-2\/wp-json\/wp\/v2\/pages\/5578\/revisions\/6777"}],"up":[{"embeddable":true,"href":"https:\/\/webseldonusum.net\/tema\/danismanlik-2\/wp-json\/wp\/v2\/pages\/5563"}],"wp:attachment":[{"href":"https:\/\/webseldonusum.net\/tema\/danismanlik-2\/wp-json\/wp\/v2\/media?parent=5578"}],"curies":[{"name":"wp","href":"https:\/\/api.w.org\/{rel}","templated":true}]}}